{"id":9554,"date":"2025-07-08T05:19:50","date_gmt":"2025-07-08T05:19:50","guid":{"rendered":"https:\/\/www.lugomadera.com\/?page_id=9554"},"modified":"2025-07-08T06:05:21","modified_gmt":"2025-07-08T06:05:21","slug":"notifor","status":"publish","type":"page","link":"https:\/\/www.lugomadera.com\/index.php\/notifor\/","title":{"rendered":"Notifor"},"content":{"rendered":"\t\t<div data-elementor-type=\"wp-page\" data-elementor-id=\"9554\" class=\"elementor elementor-9554\" data-elementor-post-type=\"page\">\n\t\t\t\t<div class=\"elementor-element elementor-element-88ed0a4 e-flex e-con-boxed e-con e-parent\" data-id=\"88ed0a4\" data-element_type=\"container\" data-e-type=\"container\" data-settings=\"{&quot;background_background&quot;:&quot;classic&quot;}\">\n\t\t\t\t\t<div class=\"e-con-inner\">\n\t\t\t\t<div class=\"elementor-element elementor-element-fb578aa elementor-widget elementor-widget-image\" data-id=\"fb578aa\" data-element_type=\"widget\" data-e-type=\"widget\" data-widget_type=\"image.default\">\n\t\t\t\t<div class=\"elementor-widget-container\">\n\t\t\t\t\t\t\t\t\t\t\t\t\t\t\t<img fetchpriority=\"high\" decoding=\"async\" width=\"930\" height=\"488\" src=\"https:\/\/www.lugomadera.com\/wp-content\/uploads\/2025\/02\/mocks5-1024x537.png\" class=\"attachment-large size-large wp-image-8833\" alt=\"Plataforma Notifor Web y App m\u00f3vil\" srcset=\"https:\/\/www.lugomadera.com\/wp-content\/uploads\/2025\/02\/mocks5-1024x537.png 1024w, https:\/\/www.lugomadera.com\/wp-content\/uploads\/2025\/02\/mocks5-300x157.png 300w, https:\/\/www.lugomadera.com\/wp-content\/uploads\/2025\/02\/mocks5-768x403.png 768w, https:\/\/www.lugomadera.com\/wp-content\/uploads\/2025\/02\/mocks5-1536x806.png 1536w, https:\/\/www.lugomadera.com\/wp-content\/uploads\/2025\/02\/mocks5-1000x525.png 1000w, https:\/\/www.lugomadera.com\/wp-content\/uploads\/2025\/02\/mocks5-1800x945.png 1800w, https:\/\/www.lugomadera.com\/wp-content\/uploads\/2025\/02\/mocks5-1067x560.png 1067w, https:\/\/www.lugomadera.com\/wp-content\/uploads\/2025\/02\/mocks5-600x315.png 600w, https:\/\/www.lugomadera.com\/wp-content\/uploads\/2025\/02\/mocks5.png 1858w\" sizes=\"(max-width: 930px) 100vw, 930px\" \/>\t\t\t\t\t\t\t\t\t\t\t\t\t\t\t<\/div>\n\t\t\t\t<\/div>\n\t\t\t\t\t<\/div>\n\t\t\t\t<\/div>\n\t\t<div class=\"elementor-element elementor-element-954d8ff e-flex e-con-boxed e-con e-parent\" data-id=\"954d8ff\" data-element_type=\"container\" data-e-type=\"container\">\n\t\t\t\t\t<div class=\"e-con-inner\">\n\t\t\t\t<div class=\"elementor-element elementor-element-ae07326 elementor-widget elementor-widget-text-editor\" data-id=\"ae07326\" data-element_type=\"widget\" data-e-type=\"widget\" data-widget_type=\"text-editor.default\">\n\t\t\t\t<div class=\"elementor-widget-container\">\n\t\t\t\t\t\t\t\t\t<p>Plataforma de comunicaci\u00f3n para empresas y ayuntamientos en el sector forestal<\/p>\t\t\t\t\t\t\t\t<\/div>\n\t\t\t\t<\/div>\n\t\t\t\t<div class=\"elementor-element elementor-element-d35f15e elementor-widget elementor-widget-text-editor\" data-id=\"d35f15e\" data-element_type=\"widget\" data-e-type=\"widget\" data-widget_type=\"text-editor.default\">\n\t\t\t\t<div class=\"elementor-widget-container\">\n\t\t\t\t\t\t\t\t\t<p>Notifor es una plataforma que permite a las empresas forestales comunicarse con los ayuntamientos para la gesti\u00f3n de permisos y autorizaciones de trabajos forestales. Ayuda a aumentar la eficiencia de los procesos, a minimizar las tareas tediosas y burocr\u00e1ticas y a reducir el uso excesivo del correo electr\u00f3nico.<\/p><p>Notifor se adapta a los procesos utilizados por los ayuntamientos y maderistas, conectando su base de datos con las plataformas ya utilizadas por los mismos y adapt\u00e1ndose a sus requisitos y necesidades.<\/p>\t\t\t\t\t\t\t\t<\/div>\n\t\t\t\t<\/div>\n\t\t\t\t\t<\/div>\n\t\t\t\t<\/div>\n\t\t<div class=\"elementor-element elementor-element-7f66565 e-flex e-con-boxed e-con e-parent\" data-id=\"7f66565\" data-element_type=\"container\" data-e-type=\"container\">\n\t\t\t\t\t<div class=\"e-con-inner\">\n\t\t<div class=\"elementor-element elementor-element-ee30013 e-con-full e-flex e-con e-child\" data-id=\"ee30013\" data-element_type=\"container\" data-e-type=\"container\">\n\t\t\t\t<div class=\"elementor-element elementor-element-2fcd2b9 elementor-widget elementor-widget-image\" data-id=\"2fcd2b9\" data-element_type=\"widget\" data-e-type=\"widget\" data-widget_type=\"image.default\">\n\t\t\t\t<div class=\"elementor-widget-container\">\n\t\t\t\t\t\t\t\t\t\t\t\t\t\t\t<img decoding=\"async\" width=\"522\" height=\"915\" src=\"https:\/\/www.lugomadera.com\/wp-content\/uploads\/2025\/07\/mocks4.png\" class=\"attachment-large size-large wp-image-9557\" alt=\"Captura Notifor - versi\u00f3n app - Lista de avisos mock\" srcset=\"https:\/\/www.lugomadera.com\/wp-content\/uploads\/2025\/07\/mocks4.png 522w, https:\/\/www.lugomadera.com\/wp-content\/uploads\/2025\/07\/mocks4-171x300.png 171w, https:\/\/www.lugomadera.com\/wp-content\/uploads\/2025\/07\/mocks4-319x560.png 319w\" sizes=\"(max-width: 522px) 100vw, 522px\" \/>\t\t\t\t\t\t\t\t\t\t\t\t\t\t\t<\/div>\n\t\t\t\t<\/div>\n\t\t\t\t<\/div>\n\t\t<div class=\"elementor-element elementor-element-15b6c30 e-con-full e-flex e-con e-child\" data-id=\"15b6c30\" data-element_type=\"container\" data-e-type=\"container\">\n\t\t\t\t<div class=\"elementor-element elementor-element-8f60daa elementor-widget elementor-widget-text-editor\" data-id=\"8f60daa\" data-element_type=\"widget\" data-e-type=\"widget\" data-widget_type=\"text-editor.default\">\n\t\t\t\t<div class=\"elementor-widget-container\">\n\t\t\t\t\t\t\t\t\t<p>Simplificaci\u00f3n de los tr\u00e1mites y permisos para talas forestales<\/p>\t\t\t\t\t\t\t\t<\/div>\n\t\t\t\t<\/div>\n\t\t\t\t<div class=\"elementor-element elementor-element-0cfcf2d elementor-widget elementor-widget-text-editor\" data-id=\"0cfcf2d\" data-element_type=\"widget\" data-e-type=\"widget\" data-widget_type=\"text-editor.default\">\n\t\t\t\t<div class=\"elementor-widget-container\">\n\t\t\t\t\t\t\t\t\tEn la gesti\u00f3n de permisos de talas forestales en el mejor de los casos se suelen usar plataformas poco productivas. En estas plataformas la b\u00fasqueda de datos con el tiempo y la acumulaci\u00f3n de permisos se vuelve lenta y tediosa. En el peor de los casos todo se gestiona con emails donde el ayuntamiento se ve incapacitado para gestionarlos.\n<br><br>\nNotifor proporciona una interfaz sencilla e intuitiva en la que s\u00f3lo son necesarios unos pocos minutos de aprendizaje. Tambi\u00e9n robusta, lo que permite la gesti\u00f3n de miles de permisos sin que se ralentice o resulte tediosa.\t\t\t\t\t\t\t\t<\/div>\n\t\t\t\t<\/div>\n\t\t\t\t<\/div>\n\t\t\t\t\t<\/div>\n\t\t\t\t<\/div>\n\t\t<div class=\"elementor-element elementor-element-6e93f0a e-flex e-con-boxed e-con e-parent\" data-id=\"6e93f0a\" data-element_type=\"container\" data-e-type=\"container\">\n\t\t\t\t\t<div class=\"e-con-inner\">\n\t\t<div class=\"elementor-element elementor-element-618c237 e-con-full e-flex e-con e-child\" data-id=\"618c237\" data-element_type=\"container\" data-e-type=\"container\">\n\t\t\t\t<div class=\"elementor-element elementor-element-ad9258a elementor-widget elementor-widget-text-editor\" data-id=\"ad9258a\" data-element_type=\"widget\" data-e-type=\"widget\" data-widget_type=\"text-editor.default\">\n\t\t\t\t<div class=\"elementor-widget-container\">\n\t\t\t\t\t\t\t\t\tProtecci\u00f3n contra infracciones\t\t\t\t\t\t\t\t<\/div>\n\t\t\t\t<\/div>\n\t\t\t\t<div class=\"elementor-element elementor-element-16f7445 elementor-widget elementor-widget-text-editor\" data-id=\"16f7445\" data-element_type=\"widget\" data-e-type=\"widget\" data-widget_type=\"text-editor.default\">\n\t\t\t\t<div class=\"elementor-widget-container\">\n\t\t\t\t\t\t\t\t\t<p>Notifor protege a los maderistas ante la infracci\u00f3n y ayuda a los ayuntamientos a anticiparse a los riesgos. En los tr\u00e1mites burocr\u00e1ticos para las talas en montes es muy sencillo cometer errores en los datos introducidos o en las fechas de vencimiento, lo que puede conllevar multas muy duras para la empresa maderista en cuesti\u00f3n.<\/p><p>Notifor simplifica al m\u00e1ximo el tr\u00e1mite para que estos problemas no se puedan producir.<\/p>\t\t\t\t\t\t\t\t<\/div>\n\t\t\t\t<\/div>\n\t\t\t\t<\/div>\n\t\t<div class=\"elementor-element elementor-element-200c1e5 e-con-full e-flex e-con e-child\" data-id=\"200c1e5\" data-element_type=\"container\" data-e-type=\"container\">\n\t\t\t\t<div class=\"elementor-element elementor-element-b6b358d elementor-widget elementor-widget-image\" data-id=\"b6b358d\" data-element_type=\"widget\" data-e-type=\"widget\" data-widget_type=\"image.default\">\n\t\t\t\t<div class=\"elementor-widget-container\">\n\t\t\t\t\t\t\t\t\t\t\t\t\t\t\t<img decoding=\"async\" width=\"522\" height=\"915\" src=\"https:\/\/www.lugomadera.com\/wp-content\/uploads\/2025\/07\/mocks-movil-incidencia.png\" class=\"attachment-large size-large wp-image-9559\" alt=\"Captura Notifor - versi\u00f3n app - A\u00f1adir incidencia mock\" srcset=\"https:\/\/www.lugomadera.com\/wp-content\/uploads\/2025\/07\/mocks-movil-incidencia.png 522w, https:\/\/www.lugomadera.com\/wp-content\/uploads\/2025\/07\/mocks-movil-incidencia-171x300.png 171w, https:\/\/www.lugomadera.com\/wp-content\/uploads\/2025\/07\/mocks-movil-incidencia-319x560.png 319w\" sizes=\"(max-width: 522px) 100vw, 522px\" \/>\t\t\t\t\t\t\t\t\t\t\t\t\t\t\t<\/div>\n\t\t\t\t<\/div>\n\t\t\t\t<\/div>\n\t\t\t\t\t<\/div>\n\t\t\t\t<\/div>\n\t\t\t\t<section class=\"elementor-section elementor-top-section elementor-element elementor-element-aaa3c77 elementor-section-boxed elementor-section-height-default elementor-section-height-default\" data-id=\"aaa3c77\" data-element_type=\"section\" data-e-type=\"section\" data-settings=\"{&quot;background_background&quot;:&quot;classic&quot;}\">\n\t\t\t\t\t\t<div class=\"elementor-container elementor-column-gap-no\">\n\t\t\t\t\t<div class=\"elementor-column elementor-col-100 elementor-top-column elementor-element elementor-element-876efc5\" data-id=\"876efc5\" data-element_type=\"column\" data-e-type=\"column\">\n\t\t\t<div class=\"elementor-widget-wrap elementor-element-populated\">\n\t\t\t\t\t\t<div class=\"elementor-element elementor-element-95b1ad7 elementor-widget elementor-widget-heading\" data-id=\"95b1ad7\" data-element_type=\"widget\" data-e-type=\"widget\" data-widget_type=\"heading.default\">\n\t\t\t\t<div class=\"elementor-widget-container\">\n\t\t\t\t\t<h3 class=\"elementor-heading-title elementor-size-default\">Plataforma web y app r\u00e1pida, intuitiva y segura.<\/h3>\t\t\t\t<\/div>\n\t\t\t\t<\/div>\n\t\t\t\t<div class=\"elementor-element elementor-element-0b77be3 elementor-widget elementor-widget-heading\" data-id=\"0b77be3\" data-element_type=\"widget\" data-e-type=\"widget\" data-widget_type=\"heading.default\">\n\t\t\t\t<div class=\"elementor-widget-container\">\n\t\t\t\t\t<h2 class=\"elementor-heading-title elementor-size-default\">Notifor es una plataforma para que ayuntamientos y empresas maderistas tengan una v\u00eda de comunicaci\u00f3n que sea sencilla, \u00fatil y segura.<\/h2>\t\t\t\t<\/div>\n\t\t\t\t<\/div>\n\t\t\t\t\t<\/div>\n\t\t<\/div>\n\t\t\t\t\t<\/div>\n\t\t<\/section>\n\t\t\t\t<\/div>\n\t\t","protected":false},"excerpt":{"rendered":"<p>Plataforma de comunicaci\u00f3n para empresas y ayuntamientos en el sector forestal Notifor es una plataforma que permite a las empresas forestales comunicarse con los ayuntamientos para la gesti\u00f3n de permisos y autorizaciones de trabajos forestales. Ayuda a aumentar la eficiencia de los procesos, a minimizar las tareas tediosas y burocr\u00e1ticas [&hellip;]<\/p>\n","protected":false},"author":1,"featured_media":0,"parent":0,"menu_order":0,"comment_status":"closed","ping_status":"closed","template":"elementor_header_footer","meta":{"footnotes":""},"class_list":["post-9554","page","type-page","status-publish","hentry"],"yoast_head":"<!-- This site is optimized with the Yoast SEO plugin v27.4 - https:\/\/yoast.com\/product\/yoast-seo-wordpress\/ -->\n<title>Notifor - Lugo Madera<\/title>\n<meta name=\"robots\" content=\"index, follow, max-snippet:-1, max-image-preview:large, max-video-preview:-1\" \/>\n<link rel=\"canonical\" href=\"https:\/\/www.lugomadera.com\/index.php\/notifor\/\" \/>\n<meta property=\"og:locale\" content=\"es_ES\" \/>\n<meta property=\"og:type\" content=\"article\" \/>\n<meta property=\"og:title\" content=\"Notifor - Lugo Madera\" \/>\n<meta property=\"og:description\" content=\"Plataforma de comunicaci\u00f3n para empresas y ayuntamientos en el sector forestal Notifor es una plataforma que permite a las empresas forestales comunicarse con los ayuntamientos para la gesti\u00f3n de permisos y autorizaciones de trabajos forestales. Ayuda a aumentar la eficiencia de los procesos, a minimizar las tareas tediosas y burocr\u00e1ticas [&hellip;]\" \/>\n<meta property=\"og:url\" content=\"https:\/\/www.lugomadera.com\/index.php\/notifor\/\" \/>\n<meta property=\"og:site_name\" content=\"Lugo Madera\" \/>\n<meta property=\"article:modified_time\" content=\"2025-07-08T06:05:21+00:00\" \/>\n<meta property=\"og:image\" content=\"https:\/\/www.lugomadera.com\/wp-content\/uploads\/2025\/02\/mocks5.png\" \/>\n\t<meta property=\"og:image:width\" content=\"1858\" \/>\n\t<meta property=\"og:image:height\" content=\"975\" \/>\n\t<meta property=\"og:image:type\" content=\"image\/png\" \/>\n<meta name=\"twitter:card\" content=\"summary_large_image\" \/>\n<meta name=\"twitter:label1\" content=\"Tiempo de lectura\" \/>\n\t<meta name=\"twitter:data1\" content=\"2 minutos\" \/>\n<script type=\"application\/ld+json\" class=\"yoast-schema-graph\">{\"@context\":\"https:\\\/\\\/schema.org\",\"@graph\":[{\"@type\":\"WebPage\",\"@id\":\"https:\\\/\\\/www.lugomadera.com\\\/index.php\\\/notifor\\\/\",\"url\":\"https:\\\/\\\/www.lugomadera.com\\\/index.php\\\/notifor\\\/\",\"name\":\"Notifor - Lugo Madera\",\"isPartOf\":{\"@id\":\"https:\\\/\\\/www.lugomadera.com\\\/#website\"},\"primaryImageOfPage\":{\"@id\":\"https:\\\/\\\/www.lugomadera.com\\\/index.php\\\/notifor\\\/#primaryimage\"},\"image\":{\"@id\":\"https:\\\/\\\/www.lugomadera.com\\\/index.php\\\/notifor\\\/#primaryimage\"},\"thumbnailUrl\":\"https:\\\/\\\/www.lugomadera.com\\\/wp-content\\\/uploads\\\/2025\\\/02\\\/mocks5-1024x537.png\",\"datePublished\":\"2025-07-08T05:19:50+00:00\",\"dateModified\":\"2025-07-08T06:05:21+00:00\",\"breadcrumb\":{\"@id\":\"https:\\\/\\\/www.lugomadera.com\\\/index.php\\\/notifor\\\/#breadcrumb\"},\"inLanguage\":\"es\",\"potentialAction\":[{\"@type\":\"ReadAction\",\"target\":[\"https:\\\/\\\/www.lugomadera.com\\\/index.php\\\/notifor\\\/\"]}]},{\"@type\":\"ImageObject\",\"inLanguage\":\"es\",\"@id\":\"https:\\\/\\\/www.lugomadera.com\\\/index.php\\\/notifor\\\/#primaryimage\",\"url\":\"https:\\\/\\\/www.lugomadera.com\\\/wp-content\\\/uploads\\\/2025\\\/02\\\/mocks5.png\",\"contentUrl\":\"https:\\\/\\\/www.lugomadera.com\\\/wp-content\\\/uploads\\\/2025\\\/02\\\/mocks5.png\",\"width\":1858,\"height\":975,\"caption\":\"Plataforma Notifor Web y App m\u00f3vil\"},{\"@type\":\"BreadcrumbList\",\"@id\":\"https:\\\/\\\/www.lugomadera.com\\\/index.php\\\/notifor\\\/#breadcrumb\",\"itemListElement\":[{\"@type\":\"ListItem\",\"position\":1,\"name\":\"Portada\",\"item\":\"https:\\\/\\\/www.lugomadera.com\\\/\"},{\"@type\":\"ListItem\",\"position\":2,\"name\":\"Notifor\"}]},{\"@type\":\"WebSite\",\"@id\":\"https:\\\/\\\/www.lugomadera.com\\\/#website\",\"url\":\"https:\\\/\\\/www.lugomadera.com\\\/\",\"name\":\"Lugo Madera\",\"description\":\"Asociaci\u00f3n Provincial de Empresarios de la 1\u00aa Transformaci\u00f3n de la Madera de Lugo\",\"publisher\":{\"@id\":\"https:\\\/\\\/www.lugomadera.com\\\/#organization\"},\"potentialAction\":[{\"@type\":\"SearchAction\",\"target\":{\"@type\":\"EntryPoint\",\"urlTemplate\":\"https:\\\/\\\/www.lugomadera.com\\\/?s={search_term_string}\"},\"query-input\":{\"@type\":\"PropertyValueSpecification\",\"valueRequired\":true,\"valueName\":\"search_term_string\"}}],\"inLanguage\":\"es\"},{\"@type\":\"Organization\",\"@id\":\"https:\\\/\\\/www.lugomadera.com\\\/#organization\",\"name\":\"Lugo Madera\",\"url\":\"https:\\\/\\\/www.lugomadera.com\\\/\",\"logo\":{\"@type\":\"ImageObject\",\"inLanguage\":\"es\",\"@id\":\"https:\\\/\\\/www.lugomadera.com\\\/#\\\/schema\\\/logo\\\/image\\\/\",\"url\":\"https:\\\/\\\/www.lugomadera.com\\\/wp-content\\\/uploads\\\/2024\\\/02\\\/lugo-white-300-h-1.png\",\"contentUrl\":\"https:\\\/\\\/www.lugomadera.com\\\/wp-content\\\/uploads\\\/2024\\\/02\\\/lugo-white-300-h-1.png\",\"width\":600,\"height\":262,\"caption\":\"Lugo Madera\"},\"image\":{\"@id\":\"https:\\\/\\\/www.lugomadera.com\\\/#\\\/schema\\\/logo\\\/image\\\/\"}}]}<\/script>\n<!-- \/ Yoast SEO plugin. -->","yoast_head_json":{"title":"Notifor - Lugo Madera","robots":{"index":"index","follow":"follow","max-snippet":"max-snippet:-1","max-image-preview":"max-image-preview:large","max-video-preview":"max-video-preview:-1"},"canonical":"https:\/\/www.lugomadera.com\/index.php\/notifor\/","og_locale":"es_ES","og_type":"article","og_title":"Notifor - Lugo Madera","og_description":"Plataforma de comunicaci\u00f3n para empresas y ayuntamientos en el sector forestal Notifor es una plataforma que permite a las empresas forestales comunicarse con los ayuntamientos para la gesti\u00f3n de permisos y autorizaciones de trabajos forestales. Ayuda a aumentar la eficiencia de los procesos, a minimizar las tareas tediosas y burocr\u00e1ticas [&hellip;]","og_url":"https:\/\/www.lugomadera.com\/index.php\/notifor\/","og_site_name":"Lugo Madera","article_modified_time":"2025-07-08T06:05:21+00:00","og_image":[{"width":1858,"height":975,"url":"https:\/\/www.lugomadera.com\/wp-content\/uploads\/2025\/02\/mocks5.png","type":"image\/png"}],"twitter_card":"summary_large_image","twitter_misc":{"Tiempo de lectura":"2 minutos"},"schema":{"@context":"https:\/\/schema.org","@graph":[{"@type":"WebPage","@id":"https:\/\/www.lugomadera.com\/index.php\/notifor\/","url":"https:\/\/www.lugomadera.com\/index.php\/notifor\/","name":"Notifor - Lugo Madera","isPartOf":{"@id":"https:\/\/www.lugomadera.com\/#website"},"primaryImageOfPage":{"@id":"https:\/\/www.lugomadera.com\/index.php\/notifor\/#primaryimage"},"image":{"@id":"https:\/\/www.lugomadera.com\/index.php\/notifor\/#primaryimage"},"thumbnailUrl":"https:\/\/www.lugomadera.com\/wp-content\/uploads\/2025\/02\/mocks5-1024x537.png","datePublished":"2025-07-08T05:19:50+00:00","dateModified":"2025-07-08T06:05:21+00:00","breadcrumb":{"@id":"https:\/\/www.lugomadera.com\/index.php\/notifor\/#breadcrumb"},"inLanguage":"es","potentialAction":[{"@type":"ReadAction","target":["https:\/\/www.lugomadera.com\/index.php\/notifor\/"]}]},{"@type":"ImageObject","inLanguage":"es","@id":"https:\/\/www.lugomadera.com\/index.php\/notifor\/#primaryimage","url":"https:\/\/www.lugomadera.com\/wp-content\/uploads\/2025\/02\/mocks5.png","contentUrl":"https:\/\/www.lugomadera.com\/wp-content\/uploads\/2025\/02\/mocks5.png","width":1858,"height":975,"caption":"Plataforma Notifor Web y App m\u00f3vil"},{"@type":"BreadcrumbList","@id":"https:\/\/www.lugomadera.com\/index.php\/notifor\/#breadcrumb","itemListElement":[{"@type":"ListItem","position":1,"name":"Portada","item":"https:\/\/www.lugomadera.com\/"},{"@type":"ListItem","position":2,"name":"Notifor"}]},{"@type":"WebSite","@id":"https:\/\/www.lugomadera.com\/#website","url":"https:\/\/www.lugomadera.com\/","name":"Lugo Madera","description":"Asociaci\u00f3n Provincial de Empresarios de la 1\u00aa Transformaci\u00f3n de la Madera de Lugo","publisher":{"@id":"https:\/\/www.lugomadera.com\/#organization"},"potentialAction":[{"@type":"SearchAction","target":{"@type":"EntryPoint","urlTemplate":"https:\/\/www.lugomadera.com\/?s={search_term_string}"},"query-input":{"@type":"PropertyValueSpecification","valueRequired":true,"valueName":"search_term_string"}}],"inLanguage":"es"},{"@type":"Organization","@id":"https:\/\/www.lugomadera.com\/#organization","name":"Lugo Madera","url":"https:\/\/www.lugomadera.com\/","logo":{"@type":"ImageObject","inLanguage":"es","@id":"https:\/\/www.lugomadera.com\/#\/schema\/logo\/image\/","url":"https:\/\/www.lugomadera.com\/wp-content\/uploads\/2024\/02\/lugo-white-300-h-1.png","contentUrl":"https:\/\/www.lugomadera.com\/wp-content\/uploads\/2024\/02\/lugo-white-300-h-1.png","width":600,"height":262,"caption":"Lugo Madera"},"image":{"@id":"https:\/\/www.lugomadera.com\/#\/schema\/logo\/image\/"}}]}},"jetpack_sharing_enabled":true,"_links":{"self":[{"href":"https:\/\/www.lugomadera.com\/index.php\/wp-json\/wp\/v2\/pages\/9554","targetHints":{"allow":["GET"]}}],"collection":[{"href":"https:\/\/www.lugomadera.com\/index.php\/wp-json\/wp\/v2\/pages"}],"about":[{"href":"https:\/\/www.lugomadera.com\/index.php\/wp-json\/wp\/v2\/types\/page"}],"author":[{"embeddable":true,"href":"https:\/\/www.lugomadera.com\/index.php\/wp-json\/wp\/v2\/users\/1"}],"replies":[{"embeddable":true,"href":"https:\/\/www.lugomadera.com\/index.php\/wp-json\/wp\/v2\/comments?post=9554"}],"version-history":[{"count":32,"href":"https:\/\/www.lugomadera.com\/index.php\/wp-json\/wp\/v2\/pages\/9554\/revisions"}],"predecessor-version":[{"id":9599,"href":"https:\/\/www.lugomadera.com\/index.php\/wp-json\/wp\/v2\/pages\/9554\/revisions\/9599"}],"wp:attachment":[{"href":"https:\/\/www.lugomadera.com\/index.php\/wp-json\/wp\/v2\/media?parent=9554"}],"curies":[{"name":"wp","href":"https:\/\/api.w.org\/{rel}","templated":true}]}}