{"id":8561,"date":"2024-02-08T03:49:36","date_gmt":"2024-02-08T03:49:36","guid":{"rendered":"https:\/\/test3.nigal.net\/?page_id=8561"},"modified":"2024-02-08T07:52:02","modified_gmt":"2024-02-08T07:52:02","slug":"documentacion-de-interes","status":"publish","type":"page","link":"https:\/\/www.lugomadera.com\/index.php\/documentacion-de-interes\/","title":{"rendered":"Documentaci\u00f3n de inter\u00e9s"},"content":{"rendered":"\t\t<div data-elementor-type=\"wp-page\" data-elementor-id=\"8561\" class=\"elementor elementor-8561\" data-elementor-post-type=\"page\">\n\t\t\t\t\t\t<section class=\"elementor-section elementor-top-section elementor-element elementor-element-8f4b563 elementor-section-boxed elementor-section-height-default elementor-section-height-default\" data-id=\"8f4b563\" data-element_type=\"section\" data-e-type=\"section\" data-settings=\"{&quot;background_background&quot;:&quot;classic&quot;}\">\n\t\t\t\t\t\t\t<div class=\"elementor-background-overlay\"><\/div>\n\t\t\t\t\t\t\t<div class=\"elementor-container elementor-column-gap-default\">\n\t\t\t\t\t<div class=\"elementor-column elementor-col-50 elementor-top-column elementor-element elementor-element-e365956\" data-id=\"e365956\" data-element_type=\"column\" data-e-type=\"column\">\n\t\t\t<div class=\"elementor-widget-wrap elementor-element-populated\">\n\t\t\t\t\t\t<div class=\"elementor-element elementor-element-e201711 elementor-widget elementor-widget-heading\" data-id=\"e201711\" data-element_type=\"widget\" data-e-type=\"widget\" data-widget_type=\"heading.default\">\n\t\t\t\t<div class=\"elementor-widget-container\">\n\t\t\t\t\t<h2 class=\"elementor-heading-title elementor-size-default\">Documentaci\u00f3n de inter\u00e9s<\/h2>\t\t\t\t<\/div>\n\t\t\t\t<\/div>\n\t\t\t\t<div class=\"elementor-element elementor-element-92a2cd2 elementor-widget-divider--view-line elementor-widget elementor-widget-divider\" data-id=\"92a2cd2\" data-element_type=\"widget\" data-e-type=\"widget\" data-widget_type=\"divider.default\">\n\t\t\t\t<div class=\"elementor-widget-container\">\n\t\t\t\t\t\t\t<div class=\"elementor-divider\">\n\t\t\t<span class=\"elementor-divider-separator\">\n\t\t\t\t\t\t<\/span>\n\t\t<\/div>\n\t\t\t\t\t\t<\/div>\n\t\t\t\t<\/div>\n\t\t\t\t<div class=\"elementor-element elementor-element-8d8ee3f elementor-widget elementor-widget-text-editor\" data-id=\"8d8ee3f\" data-element_type=\"widget\" data-e-type=\"widget\" data-widget_type=\"text-editor.default\">\n\t\t\t\t<div class=\"elementor-widget-container\">\n\t\t\t\t\t\t\t\t\t<p><strong><em>CERNA<\/em><\/strong>\u00a0pone a disposici\u00f3n de los grupos de inter\u00e9s la posibilidad de consultar informaci\u00f3n relevante sobre el\u00a0<strong><em>Grupo de Gesti\u00f3n<\/em><\/strong>\u00a0y las\u00a0<strong><em>Unidades de Gesti\u00f3n Forestal (UGF)<\/em><\/strong>\u00a0incluidas en el mismo, adaptado a los\u00a0<em>Principios y Criterios de FSC (Forest Stewardship Council)<\/em>\u00a0y\u00a0<em>Criterios e Indicadores PEFC (Programme for the Endorsement of Forest Certification\u2013Programa de reconocimiento de Sistemas de Certificaci\u00f3n Forestal)<\/em>, basados en la consecuci\u00f3n de una gesti\u00f3n forestal ambientalmente responsable, socialmente beneficiosa y econ\u00f3micamente viable. <strong><em>Grupo de Gesti\u00f3n Forestal \u201cCERNA Ingenier\u00eda y Asesor\u00eda Medioambiental S.L.P.&#8221;<\/em><\/strong><\/p><ul><li><a href=\"http:\/\/www.cernams.com\/wp-content\/uploads\/2017\/04\/20170501_DOC_02_0031_Informacion_General_Grupo.pdf\">Informacion General Grupo<\/a><\/li><li><a href=\"http:\/\/www.cernams.com\/wp-content\/uploads\/2017\/04\/20170501_POL_01_Politica_Objetivos_Grupo.pdf\">Pol\u00edtica P\u00fablica del Grupo<\/a><\/li><li><a href=\"http:\/\/www.cernams.com\/wp-content\/uploads\/2017\/04\/20170501_DOC_02_0033_Listado_Actualizado_UGF.pdf\">Listado Actualizado de UGF<\/a><\/li><li><a href=\"http:\/\/www.cernams.com\/wp-content\/uploads\/2017\/04\/20170501_DOC_02_0046_Listado_Areas_Excluidas_Web.pdf\">Listado de Responsabilidad de UGF<\/a><\/li><li><a href=\"http:\/\/www.cernams.com\/wp-content\/uploads\/2017\/04\/20160510_DOC_03_0001_Solicitud_Incorporacion_SGC_FSC_PEFC_CERNA.pdf\">Formulario de Solicitud de Incorporaci\u00f3n al Grupo<\/a><\/li><li><a href=\"http:\/\/www.cernams.com\/wp-content\/uploads\/2017\/04\/20170501_DOC_02_0032_Escrito_Publico_Comunicaciones_Quejas.pdf\">Notificaci\u00f3n de Comunicaciones, Quejas y Apelaciones<\/a><\/li><li><a href=\"http:\/\/www.cernams.com\/wp-content\/uploads\/2017\/04\/20170501_DOC_02_0044_Resumenes_Planes_Gestion_Web.pdf\">Resumen P\u00fablico del Plan de Gesti\u00f3n de las UGF<\/a><\/li><li><a href=\"http:\/\/www.cernams.com\/wp-content\/uploads\/2017\/04\/20150601_DOC_01_0005a_MANUAL_CONSULTA_GESTORES_FORESTALES.pdf\" target=\"_blank\" rel=\"noopener\">Manual de Consulta para Gestores Forestales<\/a><\/li><li><a href=\"http:\/\/www.cernams.com\/wp-content\/uploads\/2017\/04\/20150601_DOC_01_0005c_MANUAL_INDICACIONES_TRABAJOS_FORESTALES.pdf\" target=\"_blank\" rel=\"noopener\">Manual de Consulta de Indicaciones B\u00e1sicas en Ejecuci\u00f3n de Trabajos Forestales<\/a><\/li><li><a href=\"http:\/\/www.cernams.com\/wp-content\/uploads\/2017\/04\/20150601_DOC_01_0005d_MANUAL_PREVENCION_FRENTE_RIESGOS_COMUNES_APROVECHAMIENTO_FORESTAL.pdf\" target=\"_blank\" rel=\"noopener\">Manual de Consulta de Prevenci\u00f3n de Riesgos en el Aprovechamiento Forestal<\/a><\/li><li><a href=\"http:\/\/www.cernams.com\/wp-content\/uploads\/2017\/04\/20170501_DOC_02_0005f_PROTOCOLO_ACTUACION_ACCIDENTE.pdf\">Protocolo de Actuaci\u00f3n Accidente Forestal<\/a><\/li><li><a href=\"http:\/\/www.cernams.com\/wp-content\/uploads\/2017\/04\/20170501_DOC_02_0005g_PROTOCOLO_ACTUACION_VERTIDO.pdf\">Protocolo de Actuaci\u00f3n Vertidos<\/a><\/li><li><a href=\"http:\/\/www.cernams.com\/wp-content\/uploads\/2017\/04\/20150601_Pliego_Prescripciones_Aprovechamientos_Base.pdf\" target=\"_blank\" rel=\"noopener\">Pliego de Prescripciones T\u00e9cnicas de Aprovechamientos Forestales<\/a><\/li><li><a href=\"http:\/\/www.cernams.com\/wp-content\/uploads\/2017\/04\/20150601_Pliego_Prescripciones_Infraestructuras_Base.pdf\" target=\"_blank\" rel=\"noopener\">Pliego de Prescripciones T\u00e9cnicas de Infraestructuras Forestales<\/a><\/li><li><a href=\"http:\/\/www.cernams.com\/wp-content\/uploads\/2017\/04\/20150601_Pliego_Prescripciones_Repoblaciones_Base.pdf\" target=\"_blank\" rel=\"noopener\">Pliego de Prescripciones T\u00e9cnicas de Repoblaciones Forestales<\/a><\/li><li><a href=\"http:\/\/www.cernams.com\/wp-content\/uploads\/2017\/04\/20150601_Pliego_Prescripciones_Selvicolas_Base.pdf\" target=\"_blank\" rel=\"noopener\">Pliego de Prescripciones T\u00e9cnicas de Tratamientos Selv\u00edcolas<\/a><\/li><li><a href=\"http:\/\/www.cernams.com\/wp-content\/uploads\/2017\/04\/20170501_DOC_02_0045_Estudio_MAVC_Web.pdf\">Estudio sobre la Identificaci\u00f3n y Caracterizaci\u00f3n de Zonas o Montes con Alto Valor de Conservaci\u00f3n<\/a><\/li><\/ul>\t\t\t\t\t\t\t\t<\/div>\n\t\t\t\t<\/div>\n\t\t\t\t\t<\/div>\n\t\t<\/div>\n\t\t\t\t<div class=\"elementor-column elementor-col-50 elementor-top-column elementor-element elementor-element-b28f295\" data-id=\"b28f295\" data-element_type=\"column\" data-e-type=\"column\">\n\t\t\t<div class=\"elementor-widget-wrap\">\n\t\t\t\t\t\t\t<\/div>\n\t\t<\/div>\n\t\t\t\t\t<\/div>\n\t\t<\/section>\n\t\t\t\t<\/div>\n\t\t","protected":false},"excerpt":{"rendered":"<p>Documentaci\u00f3n de inter\u00e9s CERNA\u00a0pone a disposici\u00f3n de los grupos de inter\u00e9s la posibilidad de consultar informaci\u00f3n relevante sobre el\u00a0Grupo de Gesti\u00f3n\u00a0y las\u00a0Unidades de Gesti\u00f3n Forestal (UGF)\u00a0incluidas en el mismo, adaptado a los\u00a0Principios y Criterios de FSC (Forest Stewardship Council)\u00a0y\u00a0Criterios e Indicadores PEFC (Programme for the Endorsement of Forest Certification\u2013Programa de [&hellip;]<\/p>\n","protected":false},"author":1,"featured_media":0,"parent":0,"menu_order":0,"comment_status":"closed","ping_status":"closed","template":"page-templates\/full-width-transparent.php","meta":{"footnotes":""},"class_list":["post-8561","page","type-page","status-publish","hentry"],"yoast_head":"<!-- This site is optimized with the Yoast SEO plugin v27.4 - https:\/\/yoast.com\/product\/yoast-seo-wordpress\/ -->\n<title>Documentaci\u00f3n de inter\u00e9s - Lugo Madera<\/title>\n<meta name=\"robots\" content=\"index, follow, max-snippet:-1, max-image-preview:large, max-video-preview:-1\" \/>\n<link rel=\"canonical\" href=\"https:\/\/www.lugomadera.com\/index.php\/documentacion-de-interes\/\" \/>\n<meta property=\"og:locale\" content=\"es_ES\" \/>\n<meta property=\"og:type\" content=\"article\" \/>\n<meta property=\"og:title\" content=\"Documentaci\u00f3n de inter\u00e9s - Lugo Madera\" \/>\n<meta property=\"og:description\" content=\"Documentaci\u00f3n de inter\u00e9s CERNA\u00a0pone a disposici\u00f3n de los grupos de inter\u00e9s la posibilidad de consultar informaci\u00f3n relevante sobre el\u00a0Grupo de Gesti\u00f3n\u00a0y las\u00a0Unidades de Gesti\u00f3n Forestal (UGF)\u00a0incluidas en el mismo, adaptado a los\u00a0Principios y Criterios de FSC (Forest Stewardship Council)\u00a0y\u00a0Criterios e Indicadores PEFC (Programme for the Endorsement of Forest Certification\u2013Programa de [&hellip;]\" \/>\n<meta property=\"og:url\" content=\"https:\/\/www.lugomadera.com\/index.php\/documentacion-de-interes\/\" \/>\n<meta property=\"og:site_name\" content=\"Lugo Madera\" \/>\n<meta property=\"article:modified_time\" content=\"2024-02-08T07:52:02+00:00\" \/>\n<meta name=\"twitter:card\" content=\"summary_large_image\" \/>\n<meta name=\"twitter:label1\" content=\"Tiempo de lectura\" \/>\n\t<meta name=\"twitter:data1\" content=\"1 minuto\" \/>\n<script type=\"application\/ld+json\" class=\"yoast-schema-graph\">{\"@context\":\"https:\\\/\\\/schema.org\",\"@graph\":[{\"@type\":\"WebPage\",\"@id\":\"https:\\\/\\\/www.lugomadera.com\\\/index.php\\\/documentacion-de-interes\\\/\",\"url\":\"https:\\\/\\\/www.lugomadera.com\\\/index.php\\\/documentacion-de-interes\\\/\",\"name\":\"Documentaci\u00f3n de inter\u00e9s - Lugo Madera\",\"isPartOf\":{\"@id\":\"https:\\\/\\\/www.lugomadera.com\\\/#website\"},\"datePublished\":\"2024-02-08T03:49:36+00:00\",\"dateModified\":\"2024-02-08T07:52:02+00:00\",\"breadcrumb\":{\"@id\":\"https:\\\/\\\/www.lugomadera.com\\\/index.php\\\/documentacion-de-interes\\\/#breadcrumb\"},\"inLanguage\":\"es\",\"potentialAction\":[{\"@type\":\"ReadAction\",\"target\":[\"https:\\\/\\\/www.lugomadera.com\\\/index.php\\\/documentacion-de-interes\\\/\"]}]},{\"@type\":\"BreadcrumbList\",\"@id\":\"https:\\\/\\\/www.lugomadera.com\\\/index.php\\\/documentacion-de-interes\\\/#breadcrumb\",\"itemListElement\":[{\"@type\":\"ListItem\",\"position\":1,\"name\":\"Portada\",\"item\":\"https:\\\/\\\/www.lugomadera.com\\\/\"},{\"@type\":\"ListItem\",\"position\":2,\"name\":\"Documentaci\u00f3n de inter\u00e9s\"}]},{\"@type\":\"WebSite\",\"@id\":\"https:\\\/\\\/www.lugomadera.com\\\/#website\",\"url\":\"https:\\\/\\\/www.lugomadera.com\\\/\",\"name\":\"Lugo Madera\",\"description\":\"Asociaci\u00f3n Provincial de Empresarios de la 1\u00aa Transformaci\u00f3n de la Madera de Lugo\",\"publisher\":{\"@id\":\"https:\\\/\\\/www.lugomadera.com\\\/#organization\"},\"potentialAction\":[{\"@type\":\"SearchAction\",\"target\":{\"@type\":\"EntryPoint\",\"urlTemplate\":\"https:\\\/\\\/www.lugomadera.com\\\/?s={search_term_string}\"},\"query-input\":{\"@type\":\"PropertyValueSpecification\",\"valueRequired\":true,\"valueName\":\"search_term_string\"}}],\"inLanguage\":\"es\"},{\"@type\":\"Organization\",\"@id\":\"https:\\\/\\\/www.lugomadera.com\\\/#organization\",\"name\":\"Lugo Madera\",\"url\":\"https:\\\/\\\/www.lugomadera.com\\\/\",\"logo\":{\"@type\":\"ImageObject\",\"inLanguage\":\"es\",\"@id\":\"https:\\\/\\\/www.lugomadera.com\\\/#\\\/schema\\\/logo\\\/image\\\/\",\"url\":\"https:\\\/\\\/www.lugomadera.com\\\/wp-content\\\/uploads\\\/2024\\\/02\\\/lugo-white-300-h-1.png\",\"contentUrl\":\"https:\\\/\\\/www.lugomadera.com\\\/wp-content\\\/uploads\\\/2024\\\/02\\\/lugo-white-300-h-1.png\",\"width\":600,\"height\":262,\"caption\":\"Lugo Madera\"},\"image\":{\"@id\":\"https:\\\/\\\/www.lugomadera.com\\\/#\\\/schema\\\/logo\\\/image\\\/\"}}]}<\/script>\n<!-- \/ Yoast SEO plugin. -->","yoast_head_json":{"title":"Documentaci\u00f3n de inter\u00e9s - Lugo Madera","robots":{"index":"index","follow":"follow","max-snippet":"max-snippet:-1","max-image-preview":"max-image-preview:large","max-video-preview":"max-video-preview:-1"},"canonical":"https:\/\/www.lugomadera.com\/index.php\/documentacion-de-interes\/","og_locale":"es_ES","og_type":"article","og_title":"Documentaci\u00f3n de inter\u00e9s - Lugo Madera","og_description":"Documentaci\u00f3n de inter\u00e9s CERNA\u00a0pone a disposici\u00f3n de los grupos de inter\u00e9s la posibilidad de consultar informaci\u00f3n relevante sobre el\u00a0Grupo de Gesti\u00f3n\u00a0y las\u00a0Unidades de Gesti\u00f3n Forestal (UGF)\u00a0incluidas en el mismo, adaptado a los\u00a0Principios y Criterios de FSC (Forest Stewardship Council)\u00a0y\u00a0Criterios e Indicadores PEFC (Programme for the Endorsement of Forest Certification\u2013Programa de [&hellip;]","og_url":"https:\/\/www.lugomadera.com\/index.php\/documentacion-de-interes\/","og_site_name":"Lugo Madera","article_modified_time":"2024-02-08T07:52:02+00:00","twitter_card":"summary_large_image","twitter_misc":{"Tiempo de lectura":"1 minuto"},"schema":{"@context":"https:\/\/schema.org","@graph":[{"@type":"WebPage","@id":"https:\/\/www.lugomadera.com\/index.php\/documentacion-de-interes\/","url":"https:\/\/www.lugomadera.com\/index.php\/documentacion-de-interes\/","name":"Documentaci\u00f3n de inter\u00e9s - Lugo Madera","isPartOf":{"@id":"https:\/\/www.lugomadera.com\/#website"},"datePublished":"2024-02-08T03:49:36+00:00","dateModified":"2024-02-08T07:52:02+00:00","breadcrumb":{"@id":"https:\/\/www.lugomadera.com\/index.php\/documentacion-de-interes\/#breadcrumb"},"inLanguage":"es","potentialAction":[{"@type":"ReadAction","target":["https:\/\/www.lugomadera.com\/index.php\/documentacion-de-interes\/"]}]},{"@type":"BreadcrumbList","@id":"https:\/\/www.lugomadera.com\/index.php\/documentacion-de-interes\/#breadcrumb","itemListElement":[{"@type":"ListItem","position":1,"name":"Portada","item":"https:\/\/www.lugomadera.com\/"},{"@type":"ListItem","position":2,"name":"Documentaci\u00f3n de inter\u00e9s"}]},{"@type":"WebSite","@id":"https:\/\/www.lugomadera.com\/#website","url":"https:\/\/www.lugomadera.com\/","name":"Lugo Madera","description":"Asociaci\u00f3n Provincial de Empresarios de la 1\u00aa Transformaci\u00f3n de la Madera de Lugo","publisher":{"@id":"https:\/\/www.lugomadera.com\/#organization"},"potentialAction":[{"@type":"SearchAction","target":{"@type":"EntryPoint","urlTemplate":"https:\/\/www.lugomadera.com\/?s={search_term_string}"},"query-input":{"@type":"PropertyValueSpecification","valueRequired":true,"valueName":"search_term_string"}}],"inLanguage":"es"},{"@type":"Organization","@id":"https:\/\/www.lugomadera.com\/#organization","name":"Lugo Madera","url":"https:\/\/www.lugomadera.com\/","logo":{"@type":"ImageObject","inLanguage":"es","@id":"https:\/\/www.lugomadera.com\/#\/schema\/logo\/image\/","url":"https:\/\/www.lugomadera.com\/wp-content\/uploads\/2024\/02\/lugo-white-300-h-1.png","contentUrl":"https:\/\/www.lugomadera.com\/wp-content\/uploads\/2024\/02\/lugo-white-300-h-1.png","width":600,"height":262,"caption":"Lugo Madera"},"image":{"@id":"https:\/\/www.lugomadera.com\/#\/schema\/logo\/image\/"}}]}},"jetpack_sharing_enabled":true,"_links":{"self":[{"href":"https:\/\/www.lugomadera.com\/index.php\/wp-json\/wp\/v2\/pages\/8561","targetHints":{"allow":["GET"]}}],"collection":[{"href":"https:\/\/www.lugomadera.com\/index.php\/wp-json\/wp\/v2\/pages"}],"about":[{"href":"https:\/\/www.lugomadera.com\/index.php\/wp-json\/wp\/v2\/types\/page"}],"author":[{"embeddable":true,"href":"https:\/\/www.lugomadera.com\/index.php\/wp-json\/wp\/v2\/users\/1"}],"replies":[{"embeddable":true,"href":"https:\/\/www.lugomadera.com\/index.php\/wp-json\/wp\/v2\/comments?post=8561"}],"version-history":[{"count":4,"href":"https:\/\/www.lugomadera.com\/index.php\/wp-json\/wp\/v2\/pages\/8561\/revisions"}],"predecessor-version":[{"id":8586,"href":"https:\/\/www.lugomadera.com\/index.php\/wp-json\/wp\/v2\/pages\/8561\/revisions\/8586"}],"wp:attachment":[{"href":"https:\/\/www.lugomadera.com\/index.php\/wp-json\/wp\/v2\/media?parent=8561"}],"curies":[{"name":"wp","href":"https:\/\/api.w.org\/{rel}","templated":true}]}}