{"id":8389,"date":"2024-02-08T01:13:35","date_gmt":"2024-02-08T01:13:35","guid":{"rendered":"https:\/\/test3.nigal.net\/?page_id=8389"},"modified":"2025-02-27T08:35:48","modified_gmt":"2025-02-27T08:35:48","slug":"oferta-de-lotes-de-madera-de-gestion-privada","status":"publish","type":"page","link":"https:\/\/www.lugomadera.com\/index.php\/oferta-de-lotes-de-madera-de-gestion-privada\/","title":{"rendered":"Oferta de Lotes de Madera de Gesti\u00f3n Privada"},"content":{"rendered":"\t\t<div data-elementor-type=\"wp-page\" data-elementor-id=\"8389\" class=\"elementor elementor-8389\" data-elementor-post-type=\"page\">\n\t\t\t\t\t\t<section class=\"elementor-section elementor-top-section elementor-element elementor-element-bacc6a4 elementor-section-boxed elementor-section-height-default elementor-section-height-default\" data-id=\"bacc6a4\" data-element_type=\"section\" data-e-type=\"section\" data-settings=\"{&quot;background_background&quot;:&quot;classic&quot;}\">\n\t\t\t\t\t\t\t<div class=\"elementor-background-overlay\"><\/div>\n\t\t\t\t\t\t\t<div class=\"elementor-container elementor-column-gap-default\">\n\t\t\t\t\t<div class=\"elementor-column elementor-col-50 elementor-top-column elementor-element elementor-element-7325f00\" data-id=\"7325f00\" data-element_type=\"column\" data-e-type=\"column\">\n\t\t\t<div class=\"elementor-widget-wrap elementor-element-populated\">\n\t\t\t\t\t\t<div class=\"elementor-element elementor-element-75b2637 elementor-widget elementor-widget-heading\" data-id=\"75b2637\" data-element_type=\"widget\" data-e-type=\"widget\" data-widget_type=\"heading.default\">\n\t\t\t\t<div class=\"elementor-widget-container\">\n\t\t\t\t\t<h2 class=\"elementor-heading-title elementor-size-default\">Oferta de Lotes de Madera de Gesti\u00f3n Privada<\/h2>\t\t\t\t<\/div>\n\t\t\t\t<\/div>\n\t\t\t\t<div class=\"elementor-element elementor-element-d79adfa elementor-widget-divider--view-line elementor-widget elementor-widget-divider\" data-id=\"d79adfa\" data-element_type=\"widget\" data-e-type=\"widget\" data-widget_type=\"divider.default\">\n\t\t\t\t<div class=\"elementor-widget-container\">\n\t\t\t\t\t\t\t<div class=\"elementor-divider\">\n\t\t\t<span class=\"elementor-divider-separator\">\n\t\t\t\t\t\t<\/span>\n\t\t<\/div>\n\t\t\t\t\t\t<\/div>\n\t\t\t\t<\/div>\n\t\t\t\t<div class=\"elementor-element elementor-element-e90cda9 elementor-widget elementor-widget-text-editor\" data-id=\"e90cda9\" data-element_type=\"widget\" data-e-type=\"widget\" data-widget_type=\"text-editor.default\">\n\t\t\t\t<div class=\"elementor-widget-container\">\n\t\t\t\t\t\t\t\t\t<p>La Asociaci\u00f3n pone a disposici\u00f3n de las empresas asociadas informaci\u00f3n relativa a la venta de lotes madera propiedad de gestores privados, tanto CMVMC, agrupaciones de propietarios, empresas y particulares.<\/p>\t\t\t\t\t\t\t\t<\/div>\n\t\t\t\t<\/div>\n\t\t\t\t\t<\/div>\n\t\t<\/div>\n\t\t\t\t<div class=\"elementor-column elementor-col-50 elementor-top-column elementor-element elementor-element-6179e8b\" data-id=\"6179e8b\" data-element_type=\"column\" data-e-type=\"column\">\n\t\t\t<div class=\"elementor-widget-wrap\">\n\t\t\t\t\t\t\t<\/div>\n\t\t<\/div>\n\t\t\t\t\t<\/div>\n\t\t<\/section>\n\t\t\t\t<section class=\"elementor-section elementor-top-section elementor-element elementor-element-0fbee06 elementor-section-boxed elementor-section-height-default elementor-section-height-default\" data-id=\"0fbee06\" data-element_type=\"section\" data-e-type=\"section\">\n\t\t\t\t\t\t<div class=\"elementor-container elementor-column-gap-no\">\n\t\t\t\t\t<div class=\"elementor-column elementor-col-100 elementor-top-column elementor-element elementor-element-8b0bfc4\" data-id=\"8b0bfc4\" data-element_type=\"column\" data-e-type=\"column\">\n\t\t\t<div class=\"elementor-widget-wrap elementor-element-populated\">\n\t\t\t\t\t\t<div class=\"elementor-element elementor-element-8cefe7f elementor-grid-2 elementor-grid-tablet-2 elementor-grid-mobile-1 elementor-widget elementor-widget-wpzoom-elementor-addons-posts-grid\" data-id=\"8cefe7f\" data-element_type=\"widget\" data-e-type=\"widget\" data-settings=\"{&quot;columns&quot;:&quot;2&quot;,&quot;columns_tablet&quot;:&quot;2&quot;,&quot;columns_mobile&quot;:&quot;1&quot;}\" data-widget_type=\"wpzoom-elementor-addons-posts-grid.default\">\n\t\t\t\t<div class=\"elementor-widget-container\">\n\t\t\t\t\t\t\t<div \n\t\t\tclass=\"wpz-grid\" \n\t\t\tdata-uid=\"8cefe7f\"\n\t\t\tdata-offset=\"6\"\n\t\t\tdata-posts-grid='{\"posts_per_page\":6,\"post_status\":\"publish\",\"paged\":1,\"post__not_in\":[],\"ignore_sticky_posts\":true,\"category_name\":\"subasta-privada\",\"orderby\":\"post_date\",\"order\":\"desc\",\"offset\":6,\"show_image\":\"yes\",\"post_thumbnail_size\":\"portfolio_item-thumbnail\",\"show_title\":\"yes\",\"title_tag\":\"h3\",\"meta_data\":[],\"show_excerpt\":\"yes\",\"excerpt_length\":50,\"show_read_more\":\"yes\",\"read_more_text\":\"M\\u00e1s informaci\\u00f3n &rarr;\",\"grid_style\":\"1\",\"total\":0}'>\n\t\t\t\t\t\t<div class=\"wpz-grid-container elementor-grid wpz-grid-desktop-2  wpz-grid-tablet-2  wpz-grid-mobile-1 \">\n\t\t\t\t\t\t\t<\/div>\n\n\t\t\t\t\t\t\t\t\n\t\t<\/div><!-- \/\/.wpz-grid -->\n\t\t\t\t\t\t<\/div>\n\t\t\t\t<\/div>\n\t\t\t\t\t<\/div>\n\t\t<\/div>\n\t\t\t\t\t<\/div>\n\t\t<\/section>\n\t\t\t\t<\/div>\n\t\t","protected":false},"excerpt":{"rendered":"<p>Oferta de Lotes de Madera de Gesti\u00f3n Privada La Asociaci\u00f3n pone a disposici\u00f3n de las empresas asociadas informaci\u00f3n relativa a la venta de lotes madera propiedad de gestores privados, tanto CMVMC, agrupaciones de propietarios, empresas y particulares. Ejemplo de subasta privada Lorem ipsum dolor sit amet, consectetur adipiscing elit. Ut [&hellip;]<\/p>\n","protected":false},"author":1,"featured_media":0,"parent":0,"menu_order":0,"comment_status":"closed","ping_status":"closed","template":"page-templates\/full-width-transparent.php","meta":{"footnotes":""},"class_list":["post-8389","page","type-page","status-publish","hentry"],"yoast_head":"<!-- This site is optimized with the Yoast SEO plugin v27.4 - https:\/\/yoast.com\/product\/yoast-seo-wordpress\/ -->\n<title>Oferta de Lotes de Madera de Gesti\u00f3n Privada - Lugo Madera<\/title>\n<meta name=\"robots\" content=\"index, follow, max-snippet:-1, max-image-preview:large, max-video-preview:-1\" \/>\n<link rel=\"canonical\" href=\"https:\/\/www.lugomadera.com\/index.php\/oferta-de-lotes-de-madera-de-gestion-privada\/\" \/>\n<meta property=\"og:locale\" content=\"es_ES\" \/>\n<meta property=\"og:type\" content=\"article\" \/>\n<meta property=\"og:title\" content=\"Oferta de Lotes de Madera de Gesti\u00f3n Privada - Lugo Madera\" \/>\n<meta property=\"og:description\" content=\"Oferta de Lotes de Madera de Gesti\u00f3n Privada La Asociaci\u00f3n pone a disposici\u00f3n de las empresas asociadas informaci\u00f3n relativa a la venta de lotes madera propiedad de gestores privados, tanto CMVMC, agrupaciones de propietarios, empresas y particulares. Ejemplo de subasta privada Lorem ipsum dolor sit amet, consectetur adipiscing elit. Ut [&hellip;]\" \/>\n<meta property=\"og:url\" content=\"https:\/\/www.lugomadera.com\/index.php\/oferta-de-lotes-de-madera-de-gestion-privada\/\" \/>\n<meta property=\"og:site_name\" content=\"Lugo Madera\" \/>\n<meta property=\"article:modified_time\" content=\"2025-02-27T08:35:48+00:00\" \/>\n<meta property=\"og:image\" content=\"http:\/\/test3.nigal.net\/wp-content\/uploads\/2014\/06\/serrin-600x400.jpg\" \/>\n<meta name=\"twitter:card\" content=\"summary_large_image\" \/>\n<meta name=\"twitter:label1\" content=\"Tiempo de lectura\" \/>\n\t<meta name=\"twitter:data1\" content=\"2 minutos\" \/>\n<script type=\"application\/ld+json\" class=\"yoast-schema-graph\">{\"@context\":\"https:\\\/\\\/schema.org\",\"@graph\":[{\"@type\":\"WebPage\",\"@id\":\"https:\\\/\\\/www.lugomadera.com\\\/index.php\\\/oferta-de-lotes-de-madera-de-gestion-privada\\\/\",\"url\":\"https:\\\/\\\/www.lugomadera.com\\\/index.php\\\/oferta-de-lotes-de-madera-de-gestion-privada\\\/\",\"name\":\"Oferta de Lotes de Madera de Gesti\u00f3n Privada - Lugo Madera\",\"isPartOf\":{\"@id\":\"https:\\\/\\\/www.lugomadera.com\\\/#website\"},\"primaryImageOfPage\":{\"@id\":\"https:\\\/\\\/www.lugomadera.com\\\/index.php\\\/oferta-de-lotes-de-madera-de-gestion-privada\\\/#primaryimage\"},\"image\":{\"@id\":\"https:\\\/\\\/www.lugomadera.com\\\/index.php\\\/oferta-de-lotes-de-madera-de-gestion-privada\\\/#primaryimage\"},\"thumbnailUrl\":\"http:\\\/\\\/test3.nigal.net\\\/wp-content\\\/uploads\\\/2014\\\/06\\\/serrin-600x400.jpg\",\"datePublished\":\"2024-02-08T01:13:35+00:00\",\"dateModified\":\"2025-02-27T08:35:48+00:00\",\"breadcrumb\":{\"@id\":\"https:\\\/\\\/www.lugomadera.com\\\/index.php\\\/oferta-de-lotes-de-madera-de-gestion-privada\\\/#breadcrumb\"},\"inLanguage\":\"es\",\"potentialAction\":[{\"@type\":\"ReadAction\",\"target\":[\"https:\\\/\\\/www.lugomadera.com\\\/index.php\\\/oferta-de-lotes-de-madera-de-gestion-privada\\\/\"]}]},{\"@type\":\"ImageObject\",\"inLanguage\":\"es\",\"@id\":\"https:\\\/\\\/www.lugomadera.com\\\/index.php\\\/oferta-de-lotes-de-madera-de-gestion-privada\\\/#primaryimage\",\"url\":\"http:\\\/\\\/test3.nigal.net\\\/wp-content\\\/uploads\\\/2014\\\/06\\\/serrin-600x400.jpg\",\"contentUrl\":\"http:\\\/\\\/test3.nigal.net\\\/wp-content\\\/uploads\\\/2014\\\/06\\\/serrin-600x400.jpg\"},{\"@type\":\"BreadcrumbList\",\"@id\":\"https:\\\/\\\/www.lugomadera.com\\\/index.php\\\/oferta-de-lotes-de-madera-de-gestion-privada\\\/#breadcrumb\",\"itemListElement\":[{\"@type\":\"ListItem\",\"position\":1,\"name\":\"Portada\",\"item\":\"https:\\\/\\\/www.lugomadera.com\\\/\"},{\"@type\":\"ListItem\",\"position\":2,\"name\":\"Oferta de Lotes de Madera de Gesti\u00f3n Privada\"}]},{\"@type\":\"WebSite\",\"@id\":\"https:\\\/\\\/www.lugomadera.com\\\/#website\",\"url\":\"https:\\\/\\\/www.lugomadera.com\\\/\",\"name\":\"Lugo Madera\",\"description\":\"Asociaci\u00f3n Provincial de Empresarios de la 1\u00aa Transformaci\u00f3n de la Madera de Lugo\",\"publisher\":{\"@id\":\"https:\\\/\\\/www.lugomadera.com\\\/#organization\"},\"potentialAction\":[{\"@type\":\"SearchAction\",\"target\":{\"@type\":\"EntryPoint\",\"urlTemplate\":\"https:\\\/\\\/www.lugomadera.com\\\/?s={search_term_string}\"},\"query-input\":{\"@type\":\"PropertyValueSpecification\",\"valueRequired\":true,\"valueName\":\"search_term_string\"}}],\"inLanguage\":\"es\"},{\"@type\":\"Organization\",\"@id\":\"https:\\\/\\\/www.lugomadera.com\\\/#organization\",\"name\":\"Lugo Madera\",\"url\":\"https:\\\/\\\/www.lugomadera.com\\\/\",\"logo\":{\"@type\":\"ImageObject\",\"inLanguage\":\"es\",\"@id\":\"https:\\\/\\\/www.lugomadera.com\\\/#\\\/schema\\\/logo\\\/image\\\/\",\"url\":\"https:\\\/\\\/www.lugomadera.com\\\/wp-content\\\/uploads\\\/2024\\\/02\\\/lugo-white-300-h-1.png\",\"contentUrl\":\"https:\\\/\\\/www.lugomadera.com\\\/wp-content\\\/uploads\\\/2024\\\/02\\\/lugo-white-300-h-1.png\",\"width\":600,\"height\":262,\"caption\":\"Lugo Madera\"},\"image\":{\"@id\":\"https:\\\/\\\/www.lugomadera.com\\\/#\\\/schema\\\/logo\\\/image\\\/\"}}]}<\/script>\n<!-- \/ Yoast SEO plugin. -->","yoast_head_json":{"title":"Oferta de Lotes de Madera de Gesti\u00f3n Privada - Lugo Madera","robots":{"index":"index","follow":"follow","max-snippet":"max-snippet:-1","max-image-preview":"max-image-preview:large","max-video-preview":"max-video-preview:-1"},"canonical":"https:\/\/www.lugomadera.com\/index.php\/oferta-de-lotes-de-madera-de-gestion-privada\/","og_locale":"es_ES","og_type":"article","og_title":"Oferta de Lotes de Madera de Gesti\u00f3n Privada - Lugo Madera","og_description":"Oferta de Lotes de Madera de Gesti\u00f3n Privada La Asociaci\u00f3n pone a disposici\u00f3n de las empresas asociadas informaci\u00f3n relativa a la venta de lotes madera propiedad de gestores privados, tanto CMVMC, agrupaciones de propietarios, empresas y particulares. Ejemplo de subasta privada Lorem ipsum dolor sit amet, consectetur adipiscing elit. Ut [&hellip;]","og_url":"https:\/\/www.lugomadera.com\/index.php\/oferta-de-lotes-de-madera-de-gestion-privada\/","og_site_name":"Lugo Madera","article_modified_time":"2025-02-27T08:35:48+00:00","og_image":[{"url":"http:\/\/test3.nigal.net\/wp-content\/uploads\/2014\/06\/serrin-600x400.jpg","type":"","width":"","height":""}],"twitter_card":"summary_large_image","twitter_misc":{"Tiempo de lectura":"2 minutos"},"schema":{"@context":"https:\/\/schema.org","@graph":[{"@type":"WebPage","@id":"https:\/\/www.lugomadera.com\/index.php\/oferta-de-lotes-de-madera-de-gestion-privada\/","url":"https:\/\/www.lugomadera.com\/index.php\/oferta-de-lotes-de-madera-de-gestion-privada\/","name":"Oferta de Lotes de Madera de Gesti\u00f3n Privada - Lugo Madera","isPartOf":{"@id":"https:\/\/www.lugomadera.com\/#website"},"primaryImageOfPage":{"@id":"https:\/\/www.lugomadera.com\/index.php\/oferta-de-lotes-de-madera-de-gestion-privada\/#primaryimage"},"image":{"@id":"https:\/\/www.lugomadera.com\/index.php\/oferta-de-lotes-de-madera-de-gestion-privada\/#primaryimage"},"thumbnailUrl":"http:\/\/test3.nigal.net\/wp-content\/uploads\/2014\/06\/serrin-600x400.jpg","datePublished":"2024-02-08T01:13:35+00:00","dateModified":"2025-02-27T08:35:48+00:00","breadcrumb":{"@id":"https:\/\/www.lugomadera.com\/index.php\/oferta-de-lotes-de-madera-de-gestion-privada\/#breadcrumb"},"inLanguage":"es","potentialAction":[{"@type":"ReadAction","target":["https:\/\/www.lugomadera.com\/index.php\/oferta-de-lotes-de-madera-de-gestion-privada\/"]}]},{"@type":"ImageObject","inLanguage":"es","@id":"https:\/\/www.lugomadera.com\/index.php\/oferta-de-lotes-de-madera-de-gestion-privada\/#primaryimage","url":"http:\/\/test3.nigal.net\/wp-content\/uploads\/2014\/06\/serrin-600x400.jpg","contentUrl":"http:\/\/test3.nigal.net\/wp-content\/uploads\/2014\/06\/serrin-600x400.jpg"},{"@type":"BreadcrumbList","@id":"https:\/\/www.lugomadera.com\/index.php\/oferta-de-lotes-de-madera-de-gestion-privada\/#breadcrumb","itemListElement":[{"@type":"ListItem","position":1,"name":"Portada","item":"https:\/\/www.lugomadera.com\/"},{"@type":"ListItem","position":2,"name":"Oferta de Lotes de Madera de Gesti\u00f3n Privada"}]},{"@type":"WebSite","@id":"https:\/\/www.lugomadera.com\/#website","url":"https:\/\/www.lugomadera.com\/","name":"Lugo Madera","description":"Asociaci\u00f3n Provincial de Empresarios de la 1\u00aa Transformaci\u00f3n de la Madera de Lugo","publisher":{"@id":"https:\/\/www.lugomadera.com\/#organization"},"potentialAction":[{"@type":"SearchAction","target":{"@type":"EntryPoint","urlTemplate":"https:\/\/www.lugomadera.com\/?s={search_term_string}"},"query-input":{"@type":"PropertyValueSpecification","valueRequired":true,"valueName":"search_term_string"}}],"inLanguage":"es"},{"@type":"Organization","@id":"https:\/\/www.lugomadera.com\/#organization","name":"Lugo Madera","url":"https:\/\/www.lugomadera.com\/","logo":{"@type":"ImageObject","inLanguage":"es","@id":"https:\/\/www.lugomadera.com\/#\/schema\/logo\/image\/","url":"https:\/\/www.lugomadera.com\/wp-content\/uploads\/2024\/02\/lugo-white-300-h-1.png","contentUrl":"https:\/\/www.lugomadera.com\/wp-content\/uploads\/2024\/02\/lugo-white-300-h-1.png","width":600,"height":262,"caption":"Lugo Madera"},"image":{"@id":"https:\/\/www.lugomadera.com\/#\/schema\/logo\/image\/"}}]}},"jetpack_sharing_enabled":true,"_links":{"self":[{"href":"https:\/\/www.lugomadera.com\/index.php\/wp-json\/wp\/v2\/pages\/8389","targetHints":{"allow":["GET"]}}],"collection":[{"href":"https:\/\/www.lugomadera.com\/index.php\/wp-json\/wp\/v2\/pages"}],"about":[{"href":"https:\/\/www.lugomadera.com\/index.php\/wp-json\/wp\/v2\/types\/page"}],"author":[{"embeddable":true,"href":"https:\/\/www.lugomadera.com\/index.php\/wp-json\/wp\/v2\/users\/1"}],"replies":[{"embeddable":true,"href":"https:\/\/www.lugomadera.com\/index.php\/wp-json\/wp\/v2\/comments?post=8389"}],"version-history":[{"count":22,"href":"https:\/\/www.lugomadera.com\/index.php\/wp-json\/wp\/v2\/pages\/8389\/revisions"}],"predecessor-version":[{"id":9211,"href":"https:\/\/www.lugomadera.com\/index.php\/wp-json\/wp\/v2\/pages\/8389\/revisions\/9211"}],"wp:attachment":[{"href":"https:\/\/www.lugomadera.com\/index.php\/wp-json\/wp\/v2\/media?parent=8389"}],"curies":[{"name":"wp","href":"https:\/\/api.w.org\/{rel}","templated":true}]}}